**3 - 16*f**2 + 15*f + 12. Calculate t(15).
12
Let w(f) = 21*f**2 + 189*f - 5. Give w(-9).
-5
Let k(z) = -2*z**2 - 2. Calculate k(-1).
-4
Let h(b) = -14*b + 51. What is h(5)?
-19
Let d(p) = -p**3 + 7*p**2 - 9*p + 7. Determine d(6).
-11
Let b(v) = 2*v**3 - 52*v**2 - v + 23. Give b(26).
-3
Let r(j) = j**3 - 22*j**2 + 74*j - 35. Give r(18).
1
Let o(h) = -h**3 - 3*h**2 + 6. Give o(-3).
6
Let r(c) = c**2 - 2*c - 1. Determine r(6).
23
Let v(g) = g**2 + 4*g + 3. Calculate v(-2).
-1
Let v(j) = j**3 + 6*j**2 + 11. Calculate v(-6).
11
Let v(o) = o + 27. Give v(-13).
14
Let f(m) = -m**3 + 9*m**2 - 9*m. Determine f(8).
-8
Let h(m) = m - 12. Calculate h(6).
-6
Let f(h) = h**2 + 28*h + 97. What is f(-4)?
1
Let d(q) = q**3 + 2*q**2 + 2*q - 2. What is d(-2)?
-6
Let a(h) = -2*h**3 + 26*h**2 - 5*h + 66. Calculate a(13).
1
Let x(q) = q**3 - 5*q**2 + 4*q - 17. What is x(4)?
-17
Let q(r) = 6*r + 1. Give q(-1).
-5
Let w(o) = o**3 - 13*o**2 - 13*o - 10. Give w(14).
4
Let o(y) = -y**3 + y + 36. Give o(0).
36
Let k(j) = 2*j**3 - 3*j**2 + 1. Give k(2).
5
Let c(n) = -8*n + 15. Determine c(2).
-1
Let n(d) = d**2 - 17*d + 64. Determine n(11).
-2
Let g(r) = 10*r**2 + 30*r + 6. What is g(-3)?
6
Let k(a) = 12*a - 60. Give k(6).
12
Let r(d) = 6*d**3 + d**2 - 3*d + 1. What is r(1)?
5
Let r(s) = -s - 18. Determine r(0).
-18
Let p(h) = 29*h + 34. Calculate p(-1).
5
Let n(i) = i**3 - 7*i**2 + 4*i + 12. Give n(6).
0
Let b(q) = -2*q + 1. Determine b(-7).
15
Let y(i) = i**2 - 5*i + 3. Calculate y(4).
-1
Let m(x) = 7*x**2 - x - 25. Determine m(5).
145
Let s(y) = -35*y**2 - y + 1. What is s(1)?
-35
Let y(x) = -7*x**2 + 2*x + 1. What is y(-3)?
-68
Let d(c) = 3*c + 41. Determine d(-16).
-7
Let t(d) = -d**2 + 7*d + 12. What is t(6)?
18
Let h(f) = f**3 - 16*f**2 + 13*f + 20. Determine h(15).
-10
Let t(u) = 24*u - 154. Calculate t(7).
14
Let f(i) = -4*i + 15. Determine f(5).
-5
Let j(n) = n**3 + 21*n**2 - 2*n - 42. What is j(-21)?
0
Let s(q) = 2*q**2 + 10*q + 13. Give s(-4).
5
Let d(s) = 4*s. Give d(4).
16
Let g(y) = -y**3 + 21*y**2 - 21*y + 22. Calculate g(20).
2
Let o(v) = v**3 - 26*v**2 + 51*v - 55. Give o(24).
17
Let i(f) = -f**2 - 8*f + 1. Calculate i(-10).
-19
Let o(d) = -d**3 - 4*d**2 + 2*d + 15. Calculate o(-7).
148
Let n(o) = -6*o**2 + 4*o - 1. What is n(-3)?
-67
Let s(x) = x**3 + 9*x**2 - x - 4. Calculate s(-9).
5
Let t(w) = w**3 - w**2 - 4*w + 1. Calculate t(4).
33
Let t(n) = -n**3 - 8*n**2 - 3. Calculate t(-8).
-3
Let d(i) = -3*i - 4. Give d(-4).
8
Let d(j) = j**2 + 6*j - 2. Calculate d(-5).
-7
Let o(m) = -m**3 + 7*m**2 - 16*m + 13. Determine o(8).
-179
Let h(s) = -s**2 - 4*s + 3. Calculate h(2).
-9
Let u(i) = -2*i + 5. Calculate u(6).
-7
Let g(a) = -2*a**2 + 10*a + 15. Give g(-2).
-13
Let k(g) = 4*g**3 - g. Give k(-1).
-3
Let i(m) = m**3 - 7*m**2 - 13*m + 7. Determine i(7).
-84
Let u(j) = j**3 + 25*j**2 - 27*j - 6. Determine u(-26).
20
Let h(f) = -2*f - 40. Calculate h(-22).
4
Let o(k) = 2*k**3 + 5*k**2 - 25*k - 94. Determine o(-4).
-42
Let n(j) = 10*j + 70. What is n(-9)?
-20
Let a(c) = 11*c**2 - 2*c - 1. Give a(-1).
12
Let i(p) = -29*p**2 - 7*p + 6. What is i(1)?
-30
Let x(l) = -l**3 + 2*l**2 + 25*l - 8. Give x(6).
-2
Let f(m) = m**3 - 15*m**2 - 34*m - 5. What is f(17)?
-5
Let k(g) = g**3 + 2*g**2 - 5*g + 2. Determine k(2).
8
Let y(d) = -d**2 - d - 3. Calculate y(-3).
-9
Let t(v) = -2*v**2 - 5*v - 2. What is t(-2)?
0
Let t(h) = -38*h - 147. Determine t(-4).
5
Let z(k) = -k**2 + 15*k + 36. What is z(17)?
2
Let v(s) = -3*s + 42. Determine v(14).
0
Let f(d) = d**2 + 26*d + 105. Determine f(-5).
0
Let z(g) = -g**3 - 8*g**2 + 6*g + 14. Give z(-8).
-34
Let h(g) = 2*g**2 + 19*g - 16. Determine h(-10).
-6
Let b(c) = c**2 - 5*c + 1. Calculate b(8).
25
Let x(a) = -4*a**2 + a - 24. What is x(0)?
-24
Let y(r) = -r**3 - 14*r**2 + 15*r - 8. Give y(-15).
-8
Let t(y) = -y**2 - y - 1. Determine t(-1).
-1
Let f(n) = n**3 + 5*n**2 + 3*n. Calculate f(-5).
-15
Let u(v) = -v**2 + 39*v - 299. Determine u(28).
9
Let o(u) = 6*u + 119. Calculate o(-20).
-1
Let t(m) = -m**2 + m + 28. Give t(6).
-2
Let x(n) = -7*n**3 - n**2 - 2*n - 3. Calculate x(-2).
53
Let s(d) = 3*d - 48. What is s(-15)?
-93
Let f(y) = -12*y - 4. Give f(-3).
32
Let y(k) = 5*k - 17. Give y(14).
53
Let y(x) = -17*x - 3. Determine y(1).
-20
Let l(f) = 3*f + 15. Give l(-8).
-9
Let w(c) = 2*c**3 + 33*c**2 + 17*c - 9. Give w(-16).
-25
Let b(x) = -10*x + 28. Give b(3).
-2
Let d(u) = -u**2 - 18*u - 41. Calculate d(-15).
4
Let m(h) = 2*h**2 + 6*h - 8. Give m(-4).
0
Let f(i) = 15*i**3 + i. Give f(1).
16
Let x(y) = 9*y + 56. What is x(-6)?
2
Let k(h) = h**2 + 9*h - 13. Give k(-10).
-3
Let v(d) = -2*d**3 - 6*d**2 - 9*d - 4. What is v(-2)?
6
Let s(c) = -c**3 - 10*c**2 - 8*c + 5. What is s(-9)?
-4
Let g(a) = a**3 + 3*a**2 + 6. What is g(-4)?
-10
Let s(x) = -2*x**3 + 2*x**2 - 2*x + 2. Determine s(3).
-40
Let t(y) = -y**3 + 33*y**2 + 68*y + 3. What is t(35)?
-67
Let n(t) = 3*t**3 + 4*t + 3. Give n(-2).
-29
Let m(s) = -5*s**2 - 3*s - 5. What is m(-2)?
-19
Let b(w) = w**3 - 10*w**2 + 18*w - 27. Determine b(8).
-11
Let k(d) = d**2 + 9*d + 4. Calculate k(-6).
-14
Let k(d) = d**3 + 2*d**2 - 38*d + 15. Determine k(5).
0
Let d(c) = c**3 - 11*c**2 - 9*c - 25. What is d(12)?
11
Let j(k) = k**2 + 16*k - 13. Determine j(-16).
-13
Let w(c) = -c**3 - c**2 + 6*c - 36. Determine w(0).
-36
Let p(c) = 13*c - 2. Calculate p(4).
50
Let k(b) = -3*b - 12. What is k(-4)?
0
Let s(k) = 11*k + 179. Calculate s(-17).
-8
Let r(x) = 5*x**2 - 58*x - 24. Determine r(12).
0
Let x(n) = -n**3 - 2*n**2 + 7*n + 10. What is x(-3)?
-2
Let i(b) = 2*b + 1. Determine i(4).
9
Let s(o) = 10*o**2 - o - 2. Give s(-2).
40
Let d(c) = -7*c - 27. Determine d(-9).
36
Let m(h) = -h**3 - 12*h**2 + 16*h + 40. Determine m(-13).
1
Let k(i) = -i**3 - 6*i**2 + 39. Give k(-4).
7
Let m(d) = 12*d - 38. Give m(4).
10
Let o(u) = u**2 + 3*u - 9. What is o(-6)?
9
Let f(s) = 2*s - 19. Calculate f(6).
-7
Let p(s) = -13*s**3 - s**2 + 1. What is p(-1)?
13
Let w(f) = -f**3 - 8*f**2 - 5*f + 12. Determine w(-7).
-2
Let v(f) = -f**3 - 28*f**2 - 30*f - 61. Calculate v(-27).
20
Let p(g) = -39*g**3 + 2*g**2 - g. Determine p(1).
-38
Let a(u) = 3*u + 1. Determine a(6).
19
Let r(t) = t + 14. Give r(-4).
10
Let a(i) = 2*i**2 - 12*i - 176. Give a(-7).
6
Let w(l) = l**3 + 21*l**2 + 21*l + 22. Give w(-20).
2
Let m(q) = -q**2 - q + 97. What is m(0)?
97
Let r(a) = -a**2 + 6*a. What is r(5)?
5
Let n(b) = 61*b**2 + 3*b + 4. Determine n(-1).
62
Let d(h) = 20*h - 330. What is d(16)?
-10
Let g(k) = -27*k - 1. Determine g(2).
-55
Let x(o) = 3*o**2 - o + 1. Calculate x(3).
25
Let u(k) = k**3 - 15*k**2 - 34*k + 4. Determine u(17).
4
Let q(p) = -p**2 + 10*p - 13. Calculate q(10).
-13
Let m(y) = -y**3 - 6*y**2 + 5*y - 9. Determine m(-7).
5
Let k(z) = -4*z**3 - 2*z**2 + z - 1. Calculate k(-2).
21
Let d(c) = 5*c - 180. Determine d(34).
-10
Let q(c) = -c**2 - 7*c - 7. Give q(-5).
3
Let a(q) = 68*q - 6. Determine a(1).
62
Let h(q) = q**3 - q**2 - 2*q - 7. Give h(5).
83
Let o(n) = -n**3 - 15*n**2 - 13*n + 12. Give o(-14).
-2
Let k(v) = -16*v - 6. Give k(4).
-70
Let q(c) = -c**3 - 12*c**2 + c + 22. Determine q(-12).
10
Let y(g) = g**3 + 9*g**2 - 8*g + 27. Give y(-10).
7
Let q(j) = 27*j - 3. Give q(1).
24
Let o(g) = g**3 - 40*g**2 - 40*g - 24. What is o(41)?
17
Let p(m) = 32*m - 209. Determine p(9).
79
Let z(p) = 3*p**2 - 14*p. Give z(3).
-15
Let z(n) = n**2 + 15*n + 31. Determine z(-9).
-23
Let s(h) = 5*h - 3. What is s(-10)?
-53
Let x(z) = 47*z + 269. Give x(-6).
-13
Let b(l) = -3*l**2 - 9*l + 8. Determine b(-5).
-22
Let t(a) = a**3 - 6*a**2 - 7*a + 2. What is t(7)?
2
Let j(o) = -o**2 + 2*o + 2. Calculate j(-4).
-22
Let h(s) = -s**3 - 20*s**2 + 19*s - 45. Calculate h(-21).
-3
Let g(s) = -9*s + 6. Calculate g(13).
-111
Let t(a) = a**2 - 5*a + 6. Calculate t(10).
56
Let t(v) = -2*v**3 - 4*v - 10. Calculate t(-4).
134
Let c(w) = 15*w - 426. What is c(28)?
-6
Let o(r) = -45*r - 4. Calculate o(-2).
86
Let n(b) = b**3 + 3*b**2 - 6*b + 1. Give n(2).
9
Let z(l) = -5*l**3 - 4*l**2 + l. What is z(-3)?
96
Let r(q) = 5*q + 9. Give r(-7).
-26
Let h(p) = -20*p + 1. Determine h(-1).
21
Let z(w) = -3*w + 7. Give z(-6).
25
Let n(f) = -f**3 + 6*f**2 - 1. Give n(6).
-1
Let t(n) = -4*n - 62. Calculate t(-11).
-18
Let l(h) = h**3 + 9*h**2 - h + 8. Give l(-9).
